r?
True
Is 207714557 composite?
False
Is 67663958 prime?
False
Is 226871 a prime number?
True
Is 8316779 a prime number?
False
Is 230524241 prime?
True
Is 4160705 a composite number?
True
Is 2597618 a prime number?
False
Is 700429 composite?
False
Is 409597 composite?
False
Is 41231893 a prime number?
False
Is 7134499 a prime number?
False
Is 176813947 prime?
True
Is 26696473 prime?
True
Is 224921 a composite number?
False
Is 170298941 a composite number?
True
Is 1074480697 prime?
True
Is 6375407 a prime number?
False
Is 9902666 a prime number?
False
Is 10017421 composite?
False
Is 294753919 a composite number?
True
Is 348722357 a prime number?
False
Is 9847451 prime?
True
Is 62849417 a composite number?
True
Is 21782245 composite?
True
Is 114887603 prime?
True
Is 3533847 a prime number?
False
Is 6182461 prime?
False
Is 1644031 composite?
False
Is 31501219 a prime number?
True
Is 25065233 a prime number?
True
Is 403853279 a prime number?
True
Is 131854819 a prime number?
True
Is 155709353 composite?
False
Is 35873113 composite?
False
Is 117675841 a prime number?
False
Is 4596145 a composite number?
True
Is 1595249 a composite number?
True
Is 14942401 composite?
False
Is 1542479 a prime number?
True
Is 11840447 composite?
False
Is 2606741 a prime number?
True
Is 18607157 a composite number?
False
Is 15256363 a prime number?
True
Is 1104347 a composite number?
True
Is 4393061 prime?
True
Is 1445779 prime?
False
Is 27852229 a composite number?
True
Is 615997 a prime number?
True
Is 21004459 a composite number?
True
Is 61253123 a prime number?
False
Is 95517343 composite?
False
Is 464023249 a composite number?
False
Is 9076771 a composite number?
True
Is 2845333 composite?
True
Is 2485457 composite?
True
Is 427798678 composite?
True
Is 38394635 composite?
True
Is 293291503 prime?
True
Is 24144521 a composite number?
True
Is 7487417 a composite number?
True
Is 2472851 prime?
True
Is 10147537 composite?
True
Is 11736353 composite?
True
Is 14886847 prime?
True
Is 793537 a prime number?
True
Is 1842689 prime?
False
Is 14674467 a prime number?
False
Is 30366331 prime?
True
Is 257808137 composite?
False
Is 1131785 a prime number?
False
Is 280451 composite?
False
Is 17410807 prime?
True
Is 17372545 a prime number?
False
Is 2297291 composite?
False
Is 90647367 composite?
True
Is 15955783 a prime number?
False
Is 15564121 composite?
True
Is 1207301 prime?
False
Is 20582321 a composite number?
False
Is 81128699 a composite number?
False
Is 9675359 a prime number?
True
Is 1274759 a composite number?
False
Is 56164297 a composite number?
True
Is 7819661 composite?
False
Is 3606893 a prime number?
False
Is 37063121 composite?
False
Is 5964847 composite?
True
Is 2070809 prime?
False
Is 7961269 a prime number?
False
Is 91986883 prime?
False
Is 147562003 a composite number?
False
Is 20633149 a composite number?
True
Is 102393407 a composite number?
False
Is 1028932421 a prime number?
False
Is 346530317 prime?
False
Is 127340063 a composite number?
True
Is 168361 a prime number?
False
Is 62406733 composite?
False
Is 267781 a composite number?
False
Is 12692671 a composite number?
True
Is 14980837 a composite number?
False
Is 54328177 composite?
False
Is 73716017 a composite number?
True
Is 273589 a prime number?
False
Is 71634407 a composite number?
True
Is 1447471 prime?
True
Is 2339957 a prime number?
False
Is 3101621 composite?
True
Is 111857461 composite?
False
Is 142151 composite?
False
Is 2134103 a prime number?
False
Is 70387729 composite?
False
Is 51406157 prime?
False
Is 51004883 a composite number?
True
Is 27579901 a composite number?
False
Is 77002111 prime?
True
Is 6139391 a prime number?
True
Is 1044937 composite?
True
Is 396919 a composite number?
False
Is 87288397 prime?
False
Is 1218533 a composite number?
False
Is 4006001 a composite number?
False
Is 206142791 a composite number?
False
Is 7424617 a composite number?
False
Is 1657783 a composite number?
False
Is 1091729 prime?
True
Is 426061 prime?
True
Is 186315011 a prime number?
True
Is 79993927 a composite number?
True
Is 45735127 composite?
False
Is 71976005 prime?
False
Is 14459821 a prime number?
True
Is 8173729 prime?
True
Is 62206915 prime?
False
Is 17541541 prime?
False
Is 22917893 a prime number?
False
Is 587962061 a composite number?
False
Is 7108357 a composite number?
True
Is 149449 a prime number?
False
Is 3415157 a prime number?
False
Is 332015 prime?
False
Is 535364849 composite?
True
Is 168686041 prime?
True
Is 3107449 a prime number?
True
Is 3554587 a prime number?
True
Is 85522729 composite?
True
Is 90705037 a composite number?
False
Is 2024557 a prime number?
False
Is 99881693 composite?
True
Is 832805 a composite number?
True
Is 26425391 prime?
True
Is 5986427 prime?
True
Is 176556277 a prime number?
True
Is 16343279 prime?
True
Is 352867 composite?
False
Is 9375343 a composite number?
False
Is 105097 a composite number?
False
Is 2223031 composite?
False
Is 1901803 a prime number?
True
Is 464859653 a prime number?
True
Is 929782193 a prime number?
False
Is 21704939 composite?
True
Is 289657 a prime number?
True
Is 8845019 a composite number?
True
Is 6025463 a composite number?
True
Is 181236103 a prime number?
False
Is 141685402 composite?
True
Is 119716529 composite?
False
Is 397888987 prime?
True
Is 35152745 a composite number?
True
Is 225607927 composite?
False
Is 2126963 a composite number?
False
Is 1552009 prime?
False
Is 29314271 a composite number?
True
Is 585499 prime?
False
Is 30037363 a prime number?
True
Is 64483 composite?
False
Is 1123111 prime?
False
Is 2292791 prime?
False
Is 5764567 a prime number?
True
Is 9489871 prime?
False
Is 1312267 prime?
False
Is 124507573 composite?
True
Is 810307 a composite number?
False
Is 22686197 a prime number?
True
Is 781809941 composite?
True
Is 1581347 a prime number?
False
Is 9749707 composite?
True
Is 1535879 a composite number?
False
Is 174122971 prime?
False
Is 39097543 composite?
False
Is 6865883 prime?
False
Is 700847711 a composite number?
False
Is 4515737 a composite number?
False
Is 8356151 a composite number?
False
Is 494984299 prime?
False
Is 17705734 composite?
True
Is 4832167 a composite number?
False
Is 146591807 a prime number?
True
Is 310925207 prime?
True
Is 19035889 a composite number?
False
Is 41433313 prime?
True
Is 49543477 a composite number?
False
Is 5093533 composite?
True
Is 27196969 a composite number?
False
Is 45615121 prime?
True
Is 1248101 prime?
True
Is 727805219 composite?
True
Is 312096007 a prime number?
False
Is 1473145 prime?
False
Is 8294603 composite?
False
Is 525860563 composite?
True
Is 2659931 a composite number?
False
Is 506347729 a prime number?
True
Is 186343 prime?
True
Is 12327041 composite?
False
Is 54693061 a prime number?
True
Is 541590727 a prime number?
True
Is 2090449 a prime number?
False
Is 116930371 prime?
True
Is 28311362 a composite number?
True
Is 37749533 a composite number?
False
Is 108803165 composite?
True
Is 20766973 a prime number?
True
Is 19556723 prime?
True
Is 23605229 a composite number?
True
Is 150135127 composite?
False
Is 110042635 composite?
True
Is 14894287 composite?
False
Is 304963 composite?
True
Is 20325443 composite?
False
Is 353327 a prime number?
False
Is 249005161 a composite number?
False
Is 18702367 prime?
False
Is 216379 a composite number?
False
Is 23025697 composite?
False
Is 2342537 composite?
False
Is 1100213 composite?
False
Is 47998057 a composite number?
False
Is 181250869 prime?
False
Is 2571991 a composite number?
True
Is 5609379 a composite number?
True
Is 7489387 prime?
True
Is 1077971 a composite number?
False
Is 3748042 composite?
True
Is 26845801 a composite number?
True
Is 9883057 prime?
True
Is 1329661 a composite number?
False
Is 83054879 a prime number?
True
Is 1753849 a prime number?
True
Is 1210289 a composite number?
False
Is 8662211 prime?
False
Is 670153 a composite number?
True
Is 5016889 a composite number?
True
Is 39569351 prime?
True
Is 10639561 composite?
False
Is 16322827 a composite number?
False
Is 19585733 composite?
True
Is 825679 composite?
False
Is 150761173 composite?
True
Is 345923 composite?
False
Is 261585341 a composite number?
True
Is 768158459 a prime number?
False
Is 25471543 a composite number?
Tru